{"id":100,"date":"2016-02-09T11:31:19","date_gmt":"2016-02-09T11:31:19","guid":{"rendered":"http:\/\/bode.staging.77ps.de\/?page_id=100"},"modified":"2023-02-11T08:50:51","modified_gmt":"2023-02-11T08:50:51","slug":"wein-sekt","status":"publish","type":"page","link":"https:\/\/getraenke-bode.de\/index.php\/wein-sekt\/","title":{"rendered":"Wein \/ Sekt"},"content":{"rendered":"<p class=\"lead\">Unser Sortiment: Wein \/ Sekt<\/p>\n<p><img loading=\"lazy\" decoding=\"async\" class=\"size-full wp-image-87 alignright\" style=\"padding-left: 20px;\" src=\"http:\/\/getraenke-bode.de\/wp-content\/uploads\/2016\/02\/ob_sortiment_sekt-weine.jpg\" alt=\"ob_sortiment_sekt-weine\" width=\"220\" height=\"293\" \/><\/p>\n<p>Sie m\u00fcssen auf nichts verzichten. Unsere gro\u00dfe Produktauswahl und -vielfalt wird Sie bestimmt \u00fcberzeugen. Denken Sie daran, dass wir Ihnen auf Wunsch auch die Getr\u00e4nke anliefern. N\u00e4heres dazu finden Sie unter <a href=\"\/index.php\/lieferservice-heimdienst\/\">Lieferservice<\/a>.<\/p>\n<ul>\n<li>Weine &#8211; heimische und internationale Qualit\u00e4ten<\/li>\n<li>Sekt, Champagner und Proseccoin gro\u00dfer Auswahl<\/li>\n<\/ul>\n<p><a href=\"http:\/\/getraenke-bode.de\/wp-content\/uploads\/2018\/10\/artikel-wein-251018.pdf\">Sortimentsliste als PDF wein<\/a><\/p>","protected":false},"excerpt":{"rendered":"<p>Unser Sortiment: Wein \/ Sekt Sie m\u00fcssen auf nichts verzichten. Unsere gro\u00dfe Produktauswahl und -vielfalt wird Sie bestimmt \u00fcberzeugen. Denken Sie daran, dass wir Ihnen auf Wunsch auch die Getr\u00e4nke anliefern. N\u00e4heres dazu finden Sie unter Lieferservice. Weine &#8211; heimische und internationale Qualit\u00e4ten Sekt, Champagner und Proseccoin gro\u00dfer Auswahl Sortimentsliste als PDF wein<\/p>\n","protected":false},"author":1,"featured_media":0,"parent":0,"menu_order":0,"comment_status":"closed","ping_status":"closed","template":"sortiment.php","meta":{"_acf_changed":false,"footnotes":""},"class_list":["post-100","page","type-page","status-publish","hentry"],"acf":[],"_links":{"self":[{"href":"https:\/\/getraenke-bode.de\/index.php\/wp-json\/wp\/v2\/pages\/100","targetHints":{"allow":["GET"]}}],"collection":[{"href":"https:\/\/getraenke-bode.de\/index.php\/wp-json\/wp\/v2\/pages"}],"about":[{"href":"https:\/\/getraenke-bode.de\/index.php\/wp-json\/wp\/v2\/types\/page"}],"author":[{"embeddable":true,"href":"https:\/\/getraenke-bode.de\/index.php\/wp-json\/wp\/v2\/users\/1"}],"replies":[{"embeddable":true,"href":"https:\/\/getraenke-bode.de\/index.php\/wp-json\/wp\/v2\/comments?post=100"}],"version-history":[{"count":20,"href":"https:\/\/getraenke-bode.de\/index.php\/wp-json\/wp\/v2\/pages\/100\/revisions"}],"predecessor-version":[{"id":2289,"href":"https:\/\/getraenke-bode.de\/index.php\/wp-json\/wp\/v2\/pages\/100\/revisions\/2289"}],"wp:attachment":[{"href":"https:\/\/getraenke-bode.de\/index.php\/wp-json\/wp\/v2\/media?parent=100"}],"curies":[{"name":"wp","href":"https:\/\/api.w.org\/{rel}","templated":true}]}}