{"id":55,"date":"2016-02-09T08:50:39","date_gmt":"2016-02-09T08:50:39","guid":{"rendered":"http:\/\/bode.staging.77ps.de\/?page_id=55"},"modified":"2024-03-07T10:45:08","modified_gmt":"2024-03-07T10:45:08","slug":"lieferservice-heimdienst","status":"publish","type":"page","link":"https:\/\/getraenke-bode.de\/index.php\/lieferservice-heimdienst\/","title":{"rendered":"Lieferservice \/ Heimdienst"},"content":{"rendered":"<p class=\"lead\">Lieferservice \/ Heimdienst<\/p>\n<p><strong>Lieferservice &#8211; Schnell und umweltfreundlich<\/strong><\/p>\n<p><strong>(Bitte beachten Sie aber unten\u00a0die Karte mit den Grenzen unseres<\/strong><\/p>\n<p><strong>Liefergebietes)<\/strong><\/p>\n<p><strong>(Lieferpreise frei Haus senden wir Ihnen gerne zu.)<\/strong><\/p>\n<p>Nutzen Sie unseren\u00a0 Service und unser vielf\u00e4ltiges Getr\u00e4nke-Sortiment. Sie bestellen ganz einfach telefonisch, per Fax oder per E-Mail und wir liefern Ihnen dann die Ware nach Terminvereinbarung oder an festen Liefertagen direkt an.<\/p>\n<p><strong>Sie k\u00f6nnen uns aber Ihre Bestellung oder Ihr Anliegen auch gerne per Whats App senden,<\/strong><\/p>\n<p><strong>einfach <\/strong><strong>den QR Code scannen:<\/strong><\/p>\n<p>&nbsp;<\/p>\n<p><a href=\"https:\/\/getraenke-bode.de\/wp-content\/uploads\/2020\/11\/Unbenannt-2.jpg\"><img loading=\"lazy\" decoding=\"async\" class=\"alignnone size-full wp-image-1743\" src=\"https:\/\/getraenke-bode.de\/wp-content\/uploads\/2020\/11\/Unbenannt-2.jpg\" alt=\"\" width=\"257\" height=\"260\" \/><\/a><\/p>\n<p>&nbsp;<\/p>\n<p>&nbsp;<\/p>\n<p>&nbsp;<\/p>\n<p>&nbsp;<\/p>\n<p>&nbsp;<\/p>\n<p>&nbsp;<\/p>\n<p>Wir liefern schnell und zuverl\u00e4ssig, so sparen Sie viel kostbare Zeit und Anstrengung.<\/p>\n<h1><strong>Mindestbestellmengen f\u00fcr:<\/strong><\/h1>\n<h2>f\u00fcr Hittfeld, Emmelndorf und Lindhorst\u00a0\u00a0\u00a0 sind\u00a0\u00a0<strong> (3) K\u00e4sten<\/strong><\/h2>\n<h2>f\u00fcr Harmstorf, Helmstorf, Klecken, Eckel, Fleestedt,\u00a0Meckelfeld,\u00a0Maschen, Horst\u00a0 sind\u00a0 <strong>(5) K\u00e4sten<\/strong><\/h2>\n<h2>f\u00fcr Harburg ab 20 K\u00e4sten.<\/h2>\n<h2>f\u00fcr die restlichen Rosengarten-Ortschaften, Buchholz, Jesteburg, Bendestorf, Ramelsloh, Marxen, Ohlendorf, Brackel, Thieshope, Brackel, Pattensen, Scharmbeck, Ashausen, Stelle, Fliegenberg, Over, Bullenhausen, und Moor\u00a0\u00a0sind (10 K\u00e4sten)<\/h2>\n<h2>f\u00fcr Wilhelmsburg, Neugraben, Neuwiedenthal, Moorburg, Hoopte, St\u00f6ckte, Winsen, Luhdorf und Asendorf\u00a0 ab 20 K\u00e4sten.<\/h2>\n<h2><span style=\"color: #ff0000;\"><strong>Diese Mindestmengen gelten nicht f\u00fcr Kommissionware, bei Kommission m\u00fcssen sie sich die Liefergebiete <\/strong><strong>nachfragen.<\/strong><\/span><\/h2>\n<h2><\/h2>\n<h2><\/h2>\n<h2><\/h2>\n<h2><\/h2>\n<h2><\/h2>\n<h2><strong>Schonen Sie die Umwelt, Ihre Nerven und sparen Sie kostbare Freizeit<\/strong><\/h2>\n<p>Unser Lieferservice ist im doppelten Sinne umweltfreundlich \u2013 wir beliefern Sie und viele andere Kunden mit einer Tour \u2013 schnell, zuverl\u00e4ssig und bei jedem Wetter. Besonders bei Eis und Schnee erspart Ihnen das viel Energie, Kraftstoff, Zeit und Nerven. Au\u00dferdem besteht unser Sortiment zum gr\u00f6\u00dften Teil aus Mehrwegware. Das erlaubt Ihnen und uns, nicht \u00fcber Abfall- und Entsorgungsprobleme nachdenken zu m\u00fcssen. So schonen wir gemeinsam unsere Ressourcen und unsere Umwelt.<\/p>\n<p>Ob die Getr\u00e4nke in Ihre Wohnung oder ins B\u00fcro geliefert werden sollen, sprechen Sie mit uns im Vorwege ab.<\/p>\n<p><strong>Die Anlieferung m\u00fcsste allerdings ebenerdig oder mit Fahrstuhl m\u00f6glich sein.<\/strong><\/p>\n<p>&nbsp;<\/p>\n<p><strong>Leergutmitnahme und -R\u00fcckf\u00fchrung<\/strong><\/p>\n<p>Auch das geh\u00f6rt selbstverst\u00e4ndlich zu unserem Service: Die zeitraubende und oft anstrengende Arbeit mit dem Leergut \u00fcbernehmen wir f\u00fcr Sie. Die entsprechenden Pfandkisten werden von uns bei der Anlieferung\u00a0wieder mitgenommen\u00a0und\u00a0 zu Ihren Gunsten verrechnet.<\/p>\n<p><strong>Unser Sortiment \u2013 Vielf\u00e4ltig und umfangreich<\/strong><\/p>\n<p>Sie m\u00fcssen auf nichts verzichten. Auf Wunsch k\u00f6nnen wir Ihnen auch Artikel bestellen, die wir nicht im Sortiment haben.<\/p>\n<p>&nbsp;<\/p>\n<p>&nbsp;<\/p>","protected":false},"excerpt":{"rendered":"<p>Lieferservice \/ Heimdienst Lieferservice &#8211; Schnell und umweltfreundlich (Bitte beachten Sie aber unten\u00a0die Karte mit den Grenzen unseres Liefergebietes) (Lieferpreise frei Haus senden wir Ihnen gerne zu.) Nutzen Sie unseren\u00a0 Service und unser vielf\u00e4ltiges Getr\u00e4nke-Sortiment. Sie bestellen ganz einfach telefonisch, per Fax oder per E-Mail und wir liefern Ihnen dann die Ware nach Terminvereinbarung oder [&hellip;]<\/p>\n","protected":false},"author":1,"featured_media":0,"parent":0,"menu_order":0,"comment_status":"closed","ping_status":"closed","template":"","meta":{"_acf_changed":false,"footnotes":""},"class_list":["post-55","page","type-page","status-publish","hentry"],"acf":[],"_links":{"self":[{"href":"https:\/\/getraenke-bode.de\/index.php\/wp-json\/wp\/v2\/pages\/55","targetHints":{"allow":["GET"]}}],"collection":[{"href":"https:\/\/getraenke-bode.de\/index.php\/wp-json\/wp\/v2\/pages"}],"about":[{"href":"https:\/\/getraenke-bode.de\/index.php\/wp-json\/wp\/v2\/types\/page"}],"author":[{"embeddable":true,"href":"https:\/\/getraenke-bode.de\/index.php\/wp-json\/wp\/v2\/users\/1"}],"replies":[{"embeddable":true,"href":"https:\/\/getraenke-bode.de\/index.php\/wp-json\/wp\/v2\/comments?post=55"}],"version-history":[{"count":55,"href":"https:\/\/getraenke-bode.de\/index.php\/wp-json\/wp\/v2\/pages\/55\/revisions"}],"predecessor-version":[{"id":2517,"href":"https:\/\/getraenke-bode.de\/index.php\/wp-json\/wp\/v2\/pages\/55\/revisions\/2517"}],"wp:attachment":[{"href":"https:\/\/getraenke-bode.de\/index.php\/wp-json\/wp\/v2\/media?parent=55"}],"curies":[{"name":"wp","href":"https:\/\/api.w.org\/{rel}","templated":true}]}}