{"id":76,"date":"2016-02-09T09:58:22","date_gmt":"2016-02-09T09:58:22","guid":{"rendered":"http:\/\/bode.staging.77ps.de\/?page_id=76"},"modified":"2026-04-23T07:31:54","modified_gmt":"2026-04-23T07:31:54","slug":"getrankefachmarkt","status":"publish","type":"page","link":"https:\/\/getraenke-bode.de\/index.php\/getrankefachmarkt\/","title":{"rendered":"Getr\u00e4nkefachmarkt"},"content":{"rendered":"<p>&nbsp;<\/p>\n<p class=\"lead\">Getr\u00e4nkefachmarkt<\/p>\n<p>&nbsp;<\/p>\n<p>Besuchen Sie unseren Getr\u00e4nkefachmarkt mit Service<\/p>\n<h2>\u00d6ffnungszeiten<\/h2>\n<p>Mo. &#8211;\u00a0 Fr.:\u00a0\u00a08.00 Uhr &#8211; 18.00 Uhr<br \/>\nSamstags:\u00a0 8.00 Uhr &#8211; 13.00 Uhr<\/p>\n<p><strong>Wir f\u00fchren eine riesige Auswahl an:<\/strong><\/p>\n<ul>\n<li>Alkoholfreien Getr\u00e4nken<\/li>\n<li>Deutschen und ausl\u00e4ndischen Bieren<\/li>\n<li>Wein und Spirituosen<\/li>\n<li>Geschenkverpackungen<\/li>\n<li>Geschenkk\u00f6rbe<\/li>\n<li>und Vieles mehr &#8230;<\/li>\n<\/ul>\n<p>Auch hier wird Kundenservice gro\u00dfgeschrieben: Unser freundliches Personal ist Ihnen gerne dabei behilflich, Ihre K\u00e4sten im Wagen zu verstauen. Angebote f\u00fcr den Getr\u00e4nkefachmarkt \u00a0finden Sie\u00a0 hier.<\/p>\n<p>Die nachfolgenden Angebote sind g\u00fcltig vom <strong>23.04. &#8211; 06.05<\/strong><strong>.2026<\/strong><\/p>\n<p><img loading=\"lazy\" decoding=\"async\" class=\"alignnone wp-image-2821 size-full\" src=\"https:\/\/getraenke-bode.de\/wp-content\/uploads\/2026\/04\/Handzettel-23.04.-06.05.2026-Seite-1.png\" alt=\"\" width=\"550\" height=\"785\" srcset=\"https:\/\/getraenke-bode.de\/wp-content\/uploads\/2026\/04\/Handzettel-23.04.-06.05.2026-Seite-1.png 550w, https:\/\/getraenke-bode.de\/wp-content\/uploads\/2026\/04\/Handzettel-23.04.-06.05.2026-Seite-1-210x300.png 210w\" sizes=\"auto, (max-width: 550px) 100vw, 550px\" \/><\/p>\n<p><img loading=\"lazy\" decoding=\"async\" class=\"alignnone wp-image-2822 size-full\" src=\"https:\/\/getraenke-bode.de\/wp-content\/uploads\/2026\/04\/Handzettel-23.04.-06.05.2026-Seite-2.png\" alt=\"\" width=\"548\" height=\"778\" srcset=\"https:\/\/getraenke-bode.de\/wp-content\/uploads\/2026\/04\/Handzettel-23.04.-06.05.2026-Seite-2.png 548w, https:\/\/getraenke-bode.de\/wp-content\/uploads\/2026\/04\/Handzettel-23.04.-06.05.2026-Seite-2-211x300.png 211w\" sizes=\"auto, (max-width: 548px) 100vw, 548px\" \/><\/p>\n<h1>Dies sind keine Lieferpreise !!!!<\/h1>\n<p><strong>Angebotspreise gelten nur bei Abholung und verstehen sich incl. Umsatzsteuer<\/strong><\/p>\n<p><strong>und zzgl. Pfand.<\/strong><\/p>\n<p>&nbsp;<\/p>","protected":false},"excerpt":{"rendered":"<p>&nbsp; Getr\u00e4nkefachmarkt &nbsp; Besuchen Sie unseren Getr\u00e4nkefachmarkt mit Service \u00d6ffnungszeiten Mo. &#8211;\u00a0 Fr.:\u00a0\u00a08.00 Uhr &#8211; 18.00 Uhr Samstags:\u00a0 8.00 Uhr &#8211; 13.00 Uhr Wir f\u00fchren eine riesige Auswahl an: Alkoholfreien Getr\u00e4nken Deutschen und ausl\u00e4ndischen Bieren Wein und Spirituosen Geschenkverpackungen Geschenkk\u00f6rbe und Vieles mehr &#8230; Auch hier wird Kundenservice gro\u00dfgeschrieben: Unser freundliches Personal ist Ihnen gerne [&hellip;]<\/p>\n","protected":false},"author":1,"featured_media":0,"parent":0,"menu_order":0,"comment_status":"closed","ping_status":"closed","template":"","meta":{"_acf_changed":false,"footnotes":""},"class_list":["post-76","page","type-page","status-publish","hentry"],"acf":[],"_links":{"self":[{"href":"https:\/\/getraenke-bode.de\/index.php\/wp-json\/wp\/v2\/pages\/76","targetHints":{"allow":["GET"]}}],"collection":[{"href":"https:\/\/getraenke-bode.de\/index.php\/wp-json\/wp\/v2\/pages"}],"about":[{"href":"https:\/\/getraenke-bode.de\/index.php\/wp-json\/wp\/v2\/types\/page"}],"author":[{"embeddable":true,"href":"https:\/\/getraenke-bode.de\/index.php\/wp-json\/wp\/v2\/users\/1"}],"replies":[{"embeddable":true,"href":"https:\/\/getraenke-bode.de\/index.php\/wp-json\/wp\/v2\/comments?post=76"}],"version-history":[{"count":665,"href":"https:\/\/getraenke-bode.de\/index.php\/wp-json\/wp\/v2\/pages\/76\/revisions"}],"predecessor-version":[{"id":2825,"href":"https:\/\/getraenke-bode.de\/index.php\/wp-json\/wp\/v2\/pages\/76\/revisions\/2825"}],"wp:attachment":[{"href":"https:\/\/getraenke-bode.de\/index.php\/wp-json\/wp\/v2\/media?parent=76"}],"curies":[{"name":"wp","href":"https:\/\/api.w.org\/{rel}","templated":true}]}}

Getränkefachmarkt

<p>&nbsp;</p>
<p class="lead">Getränkefachmarkt</p>
<p>&nbsp;</p>
<p>Besuchen Sie unseren Getränkefachmarkt mit Service</p>
<h2>Öffnungszeiten</h2>
<p>Mo. &#8211;  Fr.:  8.00 Uhr &#8211; 18.00 Uhr<br />
Samstags:  8.00 Uhr &#8211; 13.00 Uhr</p>
<p><strong>Wir führen eine riesige Auswahl an:</strong></p>
<ul>
<li>Alkoholfreien Getränken</li>
<li>Deutschen und ausländischen Bieren</li>
<li>Wein und Spirituosen</li>
<li>Geschenkverpackungen</li>
<li>Geschenkkörbe</li>
<li>und Vieles mehr &#8230;</li>
</ul>
<p>Auch hier wird Kundenservice großgeschrieben: Unser freundliches Personal ist Ihnen gerne dabei behilflich, Ihre Kästen im Wagen zu verstauen. Angebote für den Getränkefachmarkt  finden Sie  hier.</p>
<p>Die nachfolgenden Angebote sind gültig vom <strong>23.04. &#8211; 06.05</strong><strong>.2026</strong></p>
<p><img loading="lazy" decoding="async" class="alignnone wp-image-2821 size-full" src="https://getraenke-bode.de/wp-content/uploads/2026/04/Handzettel-23.04.-06.05.2026-Seite-1.png" alt="" width="550" height="785" srcset="https://getraenke-bode.de/wp-content/uploads/2026/04/Handzettel-23.04.-06.05.2026-Seite-1.png 550w, https://getraenke-bode.de/wp-content/uploads/2026/04/Handzettel-23.04.-06.05.2026-Seite-1-210x300.png 210w" sizes="auto, (max-width: 550px) 100vw, 550px" /></p>
<p><img loading="lazy" decoding="async" class="alignnone wp-image-2822 size-full" src="https://getraenke-bode.de/wp-content/uploads/2026/04/Handzettel-23.04.-06.05.2026-Seite-2.png" alt="" width="548" height="778" srcset="https://getraenke-bode.de/wp-content/uploads/2026/04/Handzettel-23.04.-06.05.2026-Seite-2.png 548w, https://getraenke-bode.de/wp-content/uploads/2026/04/Handzettel-23.04.-06.05.2026-Seite-2-211x300.png 211w" sizes="auto, (max-width: 548px) 100vw, 548px" /></p>
<h1>Dies sind keine Lieferpreise !!!!</h1>
<p><strong>Angebotspreise gelten nur bei Abholung und verstehen sich incl. Umsatzsteuer</strong></p>
<p><strong>und zzgl. Pfand.</strong></p>
<p>&nbsp;</p>

<p>&nbsp; Getränkefachmarkt &nbsp; Besuchen Sie unseren Getränkefachmarkt mit Service Öffnungszeiten Mo. &#8211;  Fr.:  8.00 Uhr &#8211; 18.00 Uhr Samstags:  8.00 Uhr &#8211; 13.00 Uhr Wir führen eine riesige Auswahl an: Alkoholfreien Getränken Deutschen und ausländischen Bieren Wein und Spirituosen Geschenkverpackungen Geschenkkörbe und Vieles mehr &#8230; Auch hier wird Kundenservice großgeschrieben: Unser freundliches Personal ist Ihnen gerne [&hellip;]</p>
